{"id":33,"date":"2022-03-18T13:49:29","date_gmt":"2022-03-18T13:49:29","guid":{"rendered":"http:\/\/isca.edu.ar\/?page_id=33"},"modified":"2024-05-28T16:30:54","modified_gmt":"2024-05-28T16:30:54","slug":"mision-educativa","status":"publish","type":"page","link":"https:\/\/isca.edu.ar\/?page_id=33","title":{"rendered":"Misi\u00f3n Educativa"},"content":{"rendered":"\n<p><\/p>\n\n\n\n<div class=\"wp-container-3 wp-block-columns\">\n<div class=\"wp-container-1 wp-block-column\">\n<p><\/p>\n\n\n\n<p><\/p>\n\n\n\n<p class=\"has-text-align-center has-large-font-size\"><strong>MISI\u00d3N EDUCATIVA<\/strong><\/p>\n\n\n\n<p>Nuestro Instituto Santa Clara de As\u00eds, forma parte de la gran familia de la escuelas Franciscano-Rubattiano de la Congregaci\u00f3n de Hermanas Capuchinas. Como tal, nuestra misi\u00f3n es preparar a todos nuestros estudiantes para enfrentar los desaf\u00edos del siglo XXI, inspirados por los valores de <strong>Santa Clara, San Francisco de As\u00eds y Santa Madre Francisca Rubatto<\/strong>. <\/p>\n\n\n\n<p>En un ambiente de fe, amor y servicio, nos enfocamos en fomentar habilidades, criticas, creativas y colaborativas, para que nuestros alumnos se conviertan en l\u00edderes y agentes de cambio en la sociedad.<\/p>\n<\/div>\n\n\n\n<div class=\"wp-container-2 wp-block-column\">\n<figure class=\"wp-block-embed is-type-video is-provider-youtube wp-block-embed-youtube wp-embed-aspect-16-9 wp-has-aspect-ratio\"><div class=\"wp-block-embed__wrapper\">\n<iframe loading=\"lazy\" title=\"Instituto Santa Clara de As\u00eds - Argentina\" width=\"640\" height=\"360\" src=\"https:\/\/www.youtube.com\/embed\/2wnEvdgOLOQ?feature=oembed\" frameborder=\"0\" allow=\"accelerometer; autoplay; clipboard-write; encrypted-media; gyroscope; picture-in-picture; web-share\" referrerpolicy=\"strict-origin-when-cross-origin\" allowfullscreen><\/iframe>\n<\/div><\/figure>\n<\/div>\n<\/div>\n","protected":false},"excerpt":{"rendered":"<p>MISI\u00d3N EDUCATIVA Nuestro Instituto Santa Clara de As\u00eds, forma parte de la gran familia de la escuelas Franciscano-Rubattiano de la Congregaci\u00f3n de Hermanas Capuchinas. Como tal, nuestra misi\u00f3n es preparar a todos nuestros estudiantes para enfrentar los desaf\u00edos del siglo XXI, inspirados por los valores de Santa Clara, San Francisco de As\u00eds y Santa Madre Francisca Rubatto. En un ambiente [&hellip;]<\/p>\n","protected":false},"author":1,"featured_media":0,"parent":0,"menu_order":0,"comment_status":"closed","ping_status":"closed","template":"page-templates\/full-width-container.php","meta":[],"_links":{"self":[{"href":"https:\/\/isca.edu.ar\/index.php?rest_route=\/wp\/v2\/pages\/33"}],"collection":[{"href":"https:\/\/isca.edu.ar\/index.php?rest_route=\/wp\/v2\/pages"}],"about":[{"href":"https:\/\/isca.edu.ar\/index.php?rest_route=\/wp\/v2\/types\/page"}],"author":[{"embeddable":true,"href":"https:\/\/isca.edu.ar\/index.php?rest_route=\/wp\/v2\/users\/1"}],"replies":[{"embeddable":true,"href":"https:\/\/isca.edu.ar\/index.php?rest_route=%2Fwp%2Fv2%2Fcomments&post=33"}],"version-history":[{"count":15,"href":"https:\/\/isca.edu.ar\/index.php?rest_route=\/wp\/v2\/pages\/33\/revisions"}],"predecessor-version":[{"id":202,"href":"https:\/\/isca.edu.ar\/index.php?rest_route=\/wp\/v2\/pages\/33\/revisions\/202"}],"wp:attachment":[{"href":"https:\/\/isca.edu.ar\/index.php?rest_route=%2Fwp%2Fv2%2Fmedia&parent=33"}],"curies":[{"name":"wp","href":"https:\/\/api.w.org\/{rel}","templated":true}]}}